{"id":26,"date":"2014-01-27T17:43:06","date_gmt":"2014-01-27T16:43:06","guid":{"rendered":"http:\/\/www.girlissima.ch\/?page_id=26"},"modified":"2023-12-15T10:07:34","modified_gmt":"2023-12-15T09:07:34","slug":"historique","status":"publish","type":"page","link":"https:\/\/www.funissima.ch\/?page_id=26","title":{"rendered":"Historique"},"content":{"rendered":"<p>2015 marque une premi\u00e8re puisque les 4 fondateurs de FOOTBALLISSIMA d\u00e9cident de f\u00eater leur 15<sup>\u00e8me<\/sup> anniversaire en proposant un nouveau concept 100% filles : GIRLISSIMA !<\/p>\n<p>En 2024, Girlissima devient Funissima et accueille filles et gar\u00e7ons de 6 \u00e0 12 ans.<\/p>\n","protected":false},"excerpt":{"rendered":"<p>2015 marque une premi\u00e8re puisque les 4 fondateurs de FOOTBALLISSIMA d\u00e9cident de f\u00eater leur 15\u00e8me anniversaire en proposant un nouveau concept 100% filles : GIRLISSIMA ! En 2024, Girlissima devient Funissima et accueille filles et gar\u00e7ons de 6 \u00e0 12 ans.<\/p>\n","protected":false},"author":1,"featured_media":0,"parent":0,"menu_order":0,"comment_status":"open","ping_status":"open","template":"","meta":{"footnotes":""},"_links":{"self":[{"href":"https:\/\/www.funissima.ch\/index.php?rest_route=\/wp\/v2\/pages\/26"}],"collection":[{"href":"https:\/\/www.funissima.ch\/index.php?rest_route=\/wp\/v2\/pages"}],"about":[{"href":"https:\/\/www.funissima.ch\/index.php?rest_route=\/wp\/v2\/types\/page"}],"author":[{"embeddable":true,"href":"https:\/\/www.funissima.ch\/index.php?rest_route=\/wp\/v2\/users\/1"}],"replies":[{"embeddable":true,"href":"https:\/\/www.funissima.ch\/index.php?rest_route=%2Fwp%2Fv2%2Fcomments&post=26"}],"version-history":[{"count":7,"href":"https:\/\/www.funissima.ch\/index.php?rest_route=\/wp\/v2\/pages\/26\/revisions"}],"predecessor-version":[{"id":502,"href":"https:\/\/www.funissima.ch\/index.php?rest_route=\/wp\/v2\/pages\/26\/revisions\/502"}],"wp:attachment":[{"href":"https:\/\/www.funissima.ch\/index.php?rest_route=%2Fwp%2Fv2%2Fmedia&parent=26"}],"curies":[{"name":"wp","href":"https:\/\/api.w.org\/{rel}","templated":true}]}}